common divisor of 163785348 and 81.
27
Calculate the highest common divisor of 630 and 60438.
42
What is the greatest common divisor of 1770 and 4358850?
30
Calculate the highest common divisor of 3952500 and 4092.
372
What is the highest common factor of 307116731 and 191?
191
What is the highest common divisor of 2702523 and 1448172?
3657
What is the greatest common factor of 7904 and 73090368?
416
What is the greatest common factor of 2552 and 1562143?
319
Calculate the greatest common divisor of 30734 and 399058.
242
Calculate the highest common factor of 170 and 525577610.
170
Calculate the highest common factor of 3132 and 39701.
29
Calculate the highest common factor of 7564 and 858392.
244
Calculate the highest common factor of 279 and 14611137.
93
Calculate the highest common divisor of 24 and 198136.
8
Calculate the greatest common divisor of 97141 and 451.
11
Calculate the highest common divisor of 31726 and 398.
2
What is the greatest common factor of 99385368 and 24?
24
What is the greatest common divisor of 504 and 2972256?
168
Calculate the highest common factor of 39 and 610175553.
39
What is the greatest common divisor of 187156 and 35216?
284
What is the highest common divisor of 13989261 and 40755?
429
What is the highest common divisor of 17205 and 8846470?
155
What is the highest common divisor of 3834826 and 11696?
1462
Calculate the greatest common divisor of 2447730 and 180.
90
Calculate the greatest common divisor of 43 and 3220117393.
43
Calculate the highest common factor of 58896 and 182823.
1227
Calculate the highest common factor of 1017326 and 859888.
446
Calculate the highest common factor of 99 and 9365543.
11
Calculate the greatest common factor of 4 and 1308258.
2
What is the greatest common factor of 2245776 and 324?
12
What is the highest common divisor of 16952073 and 6?
3
What is the greatest common divisor of 948 and 136080?
12
Calculate the highest common divisor of 48 and 1645512.
24
Calculate the highest common divisor of 2139299 and 131882.
1081
Calculate the highest common factor of 26207000 and 2336.
584
Calculate the highest common factor of 623 and 98701.
89
What is the highest common factor of 102416 and 2347264?
2768
What is the highest common divisor of 252750 and 3245310?
10110
What is the greatest common factor of 23717268 and 2567?
151
Calculate the highest common factor of 22012388 and 344.
172
Calculate the greatest common divisor of 31248 and 5261949.
63
What is the greatest common factor of 247321 and 1875018?
109
Calculate the greatest common factor of 276 and 313927.
23
Calculate the highest common factor of 246521 and 312367.
803
What is the greatest common factor of 20358 and 1037907?
351
What is the greatest common divisor of 390 and 876642?
78
Calculate the highest common divisor of 1232 and 553615216.
1232
Calculate the greatest common factor of 1398 and 5051906.
466
Calculate the highest common factor of 1090881 and 165.
33
Calculate the greatest common divisor of 99064200 and 492.
492
What is the highest common factor of 58618270 and 8166?
2722
Calculate the highest common factor of 45250 and 46698.
362
What is the highest common factor of 433830245 and 2065?
295
What is the greatest common factor of 414 and 97900512?
138
What is the highest common factor of 8742 and 972315837?
4371
What is the highest common divisor of 1781485 and 283?
283
Calculate the highest common divisor of 108 and 101369628.
36
Calculate the highest common factor of 468 and 13491738.
234
Calculate the highest common factor of 27600540 and 1767.
1767
What is the highest common factor of 120662216 and 64?
8
What is the greatest common divisor of 506217087 and 30591?
2781
What is the greatest common divisor of 2780 and 1222640?
20
Calculate the highest common factor of 890 and 17319160.
10
What is the greatest common divisor of 197435 and 180?
5
What is the highest common divisor of 411 and 27381?
3
Calculate the greatest common divisor of 10062 and 50134302.
774
What is the greatest common factor of 30 and 3496866?
6
What is the greatest common divisor of 96 and 3870752?
32
What is the highest common divisor of 837630 and 60516?
738
What is the greatest common divisor of 235040 and 67600?
1040
Calculate the greatest common divisor of 72671805 and 9.
9
What is the highest common divisor of 1063795 and 105851?
151
Calculate the highest common divisor of 22378 and 961586.
334
What is the greatest common divisor of 9 and 469283?
1
Calculate the highest common factor of 6047200 and 4475.
25
Calculate the highest common divisor of 154 and 37355486.
14
What is the greatest common factor of 3009165 and 693465?
1245
Calculate the greatest common divisor of 441264 and 5800.
232
Calculate the greatest common divisor of 1848763 and 483.
161
What is the highest common factor of 3151 and 170246?
23
What is the highest common factor of 2068374 and 8778?
462
Calculate the highest common factor of 1416525404 and 14.
14
Calculate the highest common factor of 1892000 and 6925.
25
Calculate the greatest common divisor of 2729481 and 125259.
2913
Calculate the highest common factor of 22 and 23317888.
22
Calculate the highest common divisor of 3879117 and 6993.
999
Calculate the highest common factor of 248896 and 256.
64
What is the highest common factor of 14014 and 24206?
1274
Calculate the highest common factor of 170 and 94044068.
34
What is the highest common factor of 1819 and 3446512051?
1819
Calculate the highest common divisor of 44641845 and 13743.
4581
Calculate the highest common factor of 40645578 and 4626.
1542
Calculate the greatest common divisor of 12647880 and 450.
90
What is the highest common divisor of 111342 and 85316?
154
What is the highest common factor of 4011000 and 378?
42
What is the greatest common divisor of 1117570 and 3446665?
4945
Calculate the highest common divisor of 28 and 136521364.
28
Calculate the highest common divisor of 37530052 and 1372.
28
Calculate the greatest common factor of 1232515790 and 55.
55
What is the greatest common divisor of 3337425943 and 8341?
8341
Calculate the highest common factor of 211050 and 8107.
67
Calculate the highest common factor of 92552998 and 136.
34
What is the greatest common factor of 2386 and 4439153?
1193
What is the highest common factor of 6904353 and 1335?
267
Calculate the highest common divisor of 15150 and 9905070.
3030
Calculate the greatest common divisor of 190 and 13323370.
190
What is the greatest common divisor of 15 and 113750815?
5
Calculate the greatest common divisor of 1724235 and 143775.
1065
What is the highest common factor of 2438660 and 2996?
28
Calculate the highest common divisor of 128 and 217439360.
128
Calculate the highest common factor of 125487 and 1045944.
657
What is the highest common factor of 127 and 92935?
1
Calculate the highest common factor of 91506 and 235734.
606
Calculate the greatest common divisor of 5650272 and 90.
18
Calculate the highest common divisor of 778480 and 127555.
1315
What is the highest common factor of 74724270 and 30?
30
Calculate the greatest common divisor of 283 and 53207962.
283
What is the greatest common factor of 15 and 4863537615?
15
Calculate the greatest common factor of 9733473 and 1674.
837
Calculate the highest common factor of 42711276 and 408.
204
Calculate the highest common factor of 38483 and 91090588.
1327
Calculate the highest common factor of 152832 and 41546424.
4776
Calculate the greatest common factor of 709867 and 379.
379
Calculate the highest common divisor of 2085 and 90066162.
417
What is the greatest common divisor of 12611324 and 1294?
1294
Calculate the greatest common divisor of 32 and 2625888.
32
Calculate the highest common factor of 52752 and 6181.
7
What is the greatest common factor of 489657773 and 11?
11
What is the highest common factor of 66485895 and 245?
245
Calculate the greatest common factor of 17708 and 33693897.
4427
Calculate the highest common factor of 1048969 and 3.
1
Calculate the greatest common divisor of 4569400 and 16600.
200
What is the highest common factor of 40971 and 8843883?
5853
What is the highest common divisor of 4985616 and 6576?
48
What is the highest common factor of 95003580 and 56?
28
Calculate the highest co